e 9) in base 5?
221
-2 (base 7) to base 6
-2
Convert 23 (base 10) to base 7.
32
24 (base 6) to base 16
10
Convert 14 (base 10) to base 15.
e
What is -2 (base 11) in base 9?
-2
What is -6 (base 16) in base 2?
-110
-13 (base 16) to base 3
-201
Convert -142 (base 13) to base 4.
-3133
What is 0 (base 5) in base 4?
0
What is -1000 (base 2) in base 9?
-8
What is -1221 (base 4) in base 2?
-1101001
Convert 11 (base 6) to base 10.
7
-170 (base 12) to base 6
-1020
Convert 0 (base 9) to base 10.
0
What is -3 (base 7) in base 13?
-3
Convert 100 (base 2) to base 13.
4
22 (base 12) to base 9
28
What is 10012 (base 3) in base 14?
62
Convert -143 (base 6) to base 15.
-43
Convert aa (base 15) to base 5.
1120
3 (base 12) to base 3
10
What is 44 (base 10) in base 2?
101100
What is 0 (base 9) in base 7?
0
What is -1125 (base 6) in base 3?
-100222
What is -8 (base 13) in base 4?
-20
-101 (base 2) to base 15
-5
Convert 1010 (base 3) to base 4.
132
-2 (base 14) to base 7
-2
-10121 (base 4) to base 7
-551
What is -ab (base 12) in base 11?
-10a
-1 (base 13) to base 3
-1
What is 100101 (base 2) in base 16?
25
10 (base 5) to base 6
5
-12 (base 4) to base 3
-20
What is -3 (base 11) in base 3?
-10
What is 7 (base 10) in base 3?
21
What is -8 (base 11) in base 3?
-22
What is 4 (base 5) in base 11?
4
Convert 11 (base 14) to base 15.
10
Convert -106 (base 12) to base 9.
-176
-61 (base 10) to base 16
-3d
-132 (base 7) to base 5
-242
-11 (base 11) to base 13
-c
-2 (base 8) to base 5
-2
Convert -5 (base 15) to base 16.
-5
-5 (base 7) to base 12
-5
What is 100011 (base 2) in base 7?
50
Convert -5 (base 9) to base 3.
-12
What is -2220 (base 3) in base 14?
-58
What is -11 (base 12) in base 2?
-1101
Convert 0 (base 9) to base 10.
0
Convert -111 (base 3) to base 8.
-15
What is -1011011 (base 2) in base 9?
-111
What is 110 (base 3) in base 10?
12
What is 6 (base 8) in base 12?
6
What is 7 (base 8) in base 4?
13
Convert 0 (base 13) to base 3.
0
Convert 31 (base 15) to base 8.
56
What is 0 (base 15) in base 4?
0
What is -33 (base 13) in base 7?
-60
What is 4 (base 6) in base 4?
10
-111 (base 4) to base 6
-33
Convert 5 (base 6) to base 9.
5
-13 (base 12) to base 15
-10
What is -3 (base 5) in base 4?
-3
Convert -5 (base 8) to base 3.
-12
Convert -111 (base 2) to base 14.
-7
-311 (base 4) to base 13
-41
Convert 27 (base 12) to base 2.
11111
Convert -4 (base 8) to base 7.
-4
Convert 101101000 (base 2) to base 9.
440
-20 (base 9) to base 12
-16
Convert -100 (base 3) to base 13.
-9
What is -10002 (base 3) in base 4?
-1103
10 (base 3) to base 5
3
-10001010 (base 2) to base 8
-212
21010 (base 3) to base 15
cc
Convert 3 (base 15) to base 16.
3
3 (base 6) to base 3
10
Convert 30 (base 7) to base 9.
23
What is -12 (base 6) in base 5?
-13
Convert 1 (base 9) to base 3.
1
What is 2 (base 6) in base 4?
2
What is 1222 (base 4) in base 15?
71
-57 (base 8) to base 15
-32
What is -d (base 16) in base 11?
-12
Convert 101 (base 5) to base 14.
1c
188 (base 12) to base 7
503
Convert 2 (base 11) to base 8.
2
Convert 3b (base 14) to base 6.
125
What is -1 (base 4) in base 14?
-1
Convert 144 (base 6) to base 11.
59
2b (base 14) to base 13
30
-163 (base 11) to base 3
-21001
Convert 1000 (base 4) to base 8.
100
8d (base 14) to base 8
175
Convert -131 (base 10) to base 11.
-10a
What is 110 (base 2) in base 15?
6
-101 (base 2) to base 8
-5
What is -36 (base 10) in base 5?
-121
Convert 162 (base 7) to base 4.
1131
Convert 13 (base 4) to base 5.
12
What is -2 (base 3) in base 6?
-2
Convert -25 (base 6) to base 3.
-122
Convert -5 (base 14) to base 5.
-10
9 (base 12) to base 2
1001
102120 (base 3) to base 14
184
2b (base 12) to base 6
55
13 (base 15) to base 3
200
What is 10b (base 15) in base 2?
11101100
661 (base 7) to base 16
151
What is 0 (base 14) in base 11?
0
Convert -5a (base 16) to base 5.
-330
Convert 13 (base 16) to base 7.
25
Convert 4 (base 13) to base 12.
4
Convert -1001 (base 2) to base 16.
-9
Convert -231 (base 12) to base 4.
-11011
320 (base 6) to base 11
aa
What is 2 (base 6) in base 3?
2
Convert -245 (base 6) to base 3.
-10202
-2 (base 16) to base 10
-2
What is -11 (base 16) in base 8?
-21
What is 2 (base 8) in base 15?
2
-22 (base 4) to base 12
-a
Convert -3 (base 9) to base 15.
-3
What is 4 (base 14) in base 9?
4
1102 (base 4) to base 14
5c
Convert -20 (base 4) to base 7.
-11
Convert -6 (base 8) to base 12.
-6
Convert -11000 (base 2) to base 10.
-24
Convert -110 (base 3) to base 6.
-20
What is -11011 (base 2) in base 16?
-1b
234 (base 6) to base 13
73
-135 (base 10) to base 16
-87
510 (base 6) to base 7
354
What is -101102 (base 3) in base 4?
-10121
Convert 28 (base 12) to base 16.
20
Convert -32 (base 15) to base 11.
-43
3 (base 6) to base 9
3
What is 8 (base 14) in base 2?
1000
Convert -1011 (base 3) to base 5.
-111
-18 (base 9) to base 8
-21
What is 0 (base 10) in base 8?
0
What is 21 (base 11) in base 8?
27
Convert 19 (base 14) to base 6.
35
What is -17 (base 12) in base 4?
-103
What is 23 (base 15) in base 11?
30
What is a9 (base 14) in base 11?
126
Convert -4 (base 6) to base 4.
-10
What is 24 (base 7) in base 16?
12
What is 6 (base 7) in base 4?
12
Convert -3 (base 7) to base 13.
-3
97 (base 11) to base 12
8a
Convert -23 (base 16) to base 14.
-27
-1 (base 9) to base 5
-1
1 (base 11) to base 14
1
Convert 10 (base 2) to base 6.
2
What is -110 (base 3) in base 12?
-10
Convert -1 (base 6) to base 14.
-1
Convert 6 (base 16) to base 8.
6
331 (base 9) to base 15
131
Convert 1 (base 7) to base 13.
1
Convert -30 (base 13) to base 4.
-213
Convert 4 (base 6) to base 7.
4
Convert -2 (base 9) to base 15.
-2
What is -ce (base 15) in base 13?
-11c
Convert 30 (base 8) to base 15.
19
Convert 12 (base 11) to base 16.
d
What is -106 (base 15) in base 3?
-22120
44 (base 5) to base 7
33
What is 190 (base 13) in base 8?
436
Convert 1 (base 14) to base 8.
1
3 (base 7) to base 15
3
Convert 1030 (base 5) to base 16.
8c
What is -111 (base 2) in base 15?
-7
What is 2 (base 16) in base 8?
2
What is 40 (base 5) in base 10?
20
Convert -79 (base 15) to base 13.
-8a
0 (base 13) to base 10
0
Convert 18 (base 13) to base 16.
15
What is -69 (base 11) in base 5?
-300
-4 (base 10) to base 3
-11
What is 41 (base 5) in base 14?
17
Convert -2 (base 15) to base 6.
-2
19 (base 13) to base 4
112
What is -217 (base 10) in base 15?
-e7
5 (base 11) to base 9
5
Convert 128 (base 10) to base 11.
107
Convert 3 (base 10) to base 11.
3
-5 (base 10) to base 12
-5
What is 5 (base 9) in base 2?
101
Convert 12 (base 10) to base 16.
c
What is 1 (base 13) in base 9?
1
14 (base 11) to base 6
23
What is 66 (base 12) in base 6?
210
Convert 2 (base 7) to base 9.
2
Convert -216 (base 7) to base 10.
-111
What is 33 (base 10) in base 3?
1020
-414 (base 9) to base 8
-521
-a (base 16) to base 2
-1010
What is 0 (base 6) in base 15?
0
What is 102 (base 4) in base 16?
12
Convert 2 (base 12) to base 11.
2
a (base 11) to base 15
a
-62 (base 7) to base 14
-32
What is 4 (base 8) in base 3?
11
What is 6 (base 13) in base 15?
6
Convert -26 (base 16) to base 6.
-102
What is -108 (base 11) in base 4?
-2001
Convert -6 (base 10) to base 2.
-110
0 (base 13) to base 14
0
Convert -ba (base 13) to base 6.
-413
1 (base 4) to base 2
1
What is 21 (base 15) in base 12?
27
What is -2e (base 15) in base 2?
-101100
What is 47 (base 15) in base 3?
2111
Convert -4a (base 14) to base 13.
-51
What is -6 (base 7) in base 12?
-6
-12 (base 5) to base 15
-7
What is -89 (base 14) in base 7?
-232
101 (base 3) to base 6
14
Convert 0 (base 9) to base 8.
0
Convert -1 (base 9) to base 2.
-1
1 (base 8) to base 12
1
-10 (base 15) to base 9
-16
-24 (base 5) to base 12
-12
5 (base 8) to base 13
5
Convert -12 (base 7) to base 9.
-10
What is 376 (base 8) in base 12?
192
What is 2 (base 15) in base 10?
2
Convert -1 (base 8) to base 12.
-1
Convert 3a (base 16) to base 5.
213
Convert 3 (base 10) to base 16.
3
5 (base 10) to base 3
12
56 (base 9) to base 11
47
-1 (base 16) to base 2
-1
Convert -128 (base 11) to base 10.
-151
What is 59 (base 13) in base 3?
2202
What is -b (base 14) in base 15?
-b
Convert 1 (base 2) to base 13.
1
What is -a (base 14) in base 7?
-13
4 (base 5) to base 12
4
-110000 (base 3) to base 4
-11010
16a (base 14) to base 11
244
-3 (base 13) to base 9
-3
-1e (base 15) to base 9